ine s(k).
13
Let z(n) = -n**3 - 7. Let g be (-2)/6*18/2. Let c(w) = -w**3 - 4*w**2 - 2*w + 3. Let x be c(g). What is z(x)?
-7
Let i(m) = 8*m + 2. Suppose 0 = 2*r + 3*h - 2*h + 7, 0 = -5*h + 5. Let k(n) = 10 - 3*n + 5*n + n. Let l be k(r). Calculate i(l).
-14
Let r(n) = -3*n - 3. Let l(a) be the third derivative of -a**4/4 - a**3 - 2*a**2. Let h(m) = -5*l(m) + 9*r(m). Calculate h(-2).
-3
Let g(r) = 4*r + 3. Let k be 1/(7/2 + -3). Suppose 32 = -2*n - k*n. Let o be (6/n)/((-8)/(-32)). What is g(o)?
-9
Let x(n) be the third derivative of n**6/360 + n**5/30 + 9*n**4/8 - 11*n**2. Let g(q) be the second derivative of x(q). What is g(-4)?
-4
Let q(w) = -6*w**2 + 2*w + 38*w**3 - 39*w**3 + 3*w**2 + 6 - 3*w**2. Give q(-6).
-6
Let m be 5/(75/(-5)) + 34/3. Let b(i) = 2 - i + m - 2 - 10. Give b(-4).
5
Let m(y) = y**2 + 6. Let w(r) = r**2 + r - 9. Let l be w(5). Let c = -21 + l. Determine m(c).
6
Let l(f) = f**2 - 8. Let w(k) = -2*k**3 + 10*k**2 + 15*k - 81. Let v be w(5). Determine l(v).
28
Let o(m) = m - 4*m + 3*m - 3*m. Let q(b) = b**3 - 4*b**2 + 4*b - 2. Let u be -1*(-1)/(-1)*-3. Let k be q(u). Calculate o(k).
-3
Let y(d) be the first derivative of -1/4*d**4 + 2 - 5*d - 2*d**2 + 2*d**3. Let a = -7334 + 7338. Determine y(a).
11
Let n(t) = t**2 + 2*t - 3. Let r(i) = -i**3 - 17*i**2 - 28*i + 26. Let l(q) = 5*q + 30. Let o be l(-9). Let m be r(o). Determine n(m).
5
Let z(a) = 2*a - 8. Let y be z(5). Let q(i) = 7*i**3 - 12*i**2 + 9*i + 13. Let r(g) = 2*g**3 - 3*g**2 + 2*g + 3. Let p(d) = y*q(d) - 9*r(d). Calculate p(2).
-21
Let m = 95 - 104. Let i(f) = f**3 + 10*f**2 + 13*f + 10. Determine i(m).
-26
Let k(q) = q**3 - 10*q**2 - 11*q + 2. Let g be k(11). Let i(o) = -9*o**2 + 4*o - 3. Determine i(g).
-31
Let j(y) be the first derivative of -y**2/2 + 6*y + 58. What is j(0)?
6
Let f(z) = -z**3 + 5*z**2 + 2*z + 7. Suppose -458*c + 450*c + 48 = 0. Calculate f(c).
-17
Let j(l) be the second derivative of -1/6*l**3 + 0*l**4 - 3/40*l**6 + 0 + 2*l + 1/60*l**5 + 5/2*l**2. Let p(h) be the first derivative of j(h). Determine p(1).
-9
Let q(a) = 5 - 5 - 6 + 3*a. Suppose 0 = 5*w + 9*w - 56. Suppose -w*b + 29 = 3*g, -11 = 5*g + b - 48. Calculate q(g).
15
Let f(u) = u**3 - u**2. Let w(l) = -6*l**3 + l**2 + 1. Let j(g) = 5*f(g) + w(g). Let s be 1*(3 - 5)*(-3)/(-2). Determine j(s).
-8
Suppose -5 - 18 = 2*b + 3*f, -4*b - 3*f - 37 = 0. Let r(z) = 4*z - 2. What is r(b)?
-30
Let c(l) = -l**3 + 3*l**2 - l + 2. Let v(o) = -o**3 + 7*o**2 - 7*o + 7. Let f be v(4). Suppose -10*i = -i - f. What is c(i)?
-1
Let p(v) = 2*v - 5. Let m(a) = a - 3. Let u(c) = 3*m(c) - 2*p(c). Calculate u(5).
-4
Let c(p) = 6*p + 5. Let q(o) = -4*o**2 + 5*o. Let z be q(2). Let w(x) = 7*x + 4. Let n(b) = z*c(b) + 5*w(b). Give n(0).
-10
Let m(p) = p**3 + 21*p**2 + 19*p - 4. Let o = 79 - 99. What is m(o)?
16
Let l be (-1)/2 - (-22)/4. Suppose 7 = l*a - 3. Let w be a/(-1)*10/20. Let x(g) = -2*g**2 - g. What is x(w)?
-1
Let g = 89 + -56. Let o(f) = 48*f - 33. Let t(l) be the third derivative of l**4/8 - l**3/3 + 3*l**2. Let m(v) = g*t(v) - 2*o(v). Give m(1).
3
Let y be -6*(-15)/(-12)*(-20)/(-50). Let n(f) = -3*f - 2. Determine n(y).
7
Let i be 2/(9/(108/(-8))). Suppose 0 = -2*a + a. Let l(p) = 2*p + 3*p + a*p + 4 - p. What is l(i)?
-8
Let t(q) = 8*q**2 - 9*q**2 - 3 + 5. Determine t(2).
-2
Suppose -17 = 3*j - 7*j + 5*z, 5*j - 14 = -z. Let u(f) = 6*f**2 - 2*f - 3*f**2 - 9*f**2 - 3*f**3 + 2*f**j + 2. Calculate u(-6).
14
Suppose 0 = -6*i - 8*i - 154. Let v(r) = -r - 9. Calculate v(i).
2
Let l(x) = x**3 - 6*x**2 - 9*x + 2. Suppose -7*k - p = -9*k + 11, -19 = -k - 4*p. Calculate l(k).
-12
Let n(x) = x**2 + 6*x + 5. Let o(h) = h**2 - 8*h - 11. Let j be o(9). Let v = 7 + j. Suppose -v*l - 2*r = 33, 6*r = -2*l + r - 30. Give n(l).
0
Let a = 66 + -68. Let k(n) = n**3 + 3*n**2 + n - 1. What is k(a)?
1
Let d(v) = v**2 + 9*v - 14. Let o be 444/(-28) + (-3)/21. Let y be (88/o)/(3/6). Give d(y).
8
Let i(c) = 0*c**2 + 2*c**2 + 13 - c**2 - 12 - 2*c. Suppose 0 = m - 5*n + 16, -24 = m + 4*m + 3*n. Let j be (3/9)/((-1)/m). What is i(j)?
1
Let m(x) = -2*x - 16. Suppose 4*h + 4 = 4*s, 5*h - 8*s = -12*s - 50. Give m(h).
-4
Let b(y) = -12*y - 4 - 12*y**3 - 5 - 2 + 10*y**2 + 18*y**3 - 5*y**3. What is b(-11)?
0
Let f(n) be the first derivative of -n**3/3 + 3*n**2 + 8*n + 80. Calculate f(8).
-8
Let i(b) = -2*b + 6 + 5 + 3*b. Suppose -10*l = -2*k - 60, -5*l + 11 = 2*k - 4. Give i(k).
6
Let m(z) = -z**3 - 6*z**2 + 8*z + 7. Suppose 0 = -3*v - 8 - 13. Let l be m(v). Let p(n) = -n**3 + n**2 - 6. Calculate p(l).
-6
Let h(a) = 2*a**3 - 3*a**2 + a - 2. Suppose -9*q + 2*b = -12*q + 3, -b = q. Determine h(q).
28
Let z(n) = 2*n - 14. Let w be z(10). Let g(c) = -6*c + c + w*c - 20. Calculate g(0).
-20
Let f be 1/(-3) + (-206)/(-6). Let x = 35 - f. Let r(j) = -3*j. Give r(x).
-3
Let t = 155/2004 + 1/167. Let c(f) be the second derivative of -8*f - 1/2*f**2 + t*f**4 - f**3 + 0. Give c(6).
-1
Let x(v) = 7*v + 7. Let z(f) = 3*f + 3. Let i(a) = -2*x(a) + 5*z(a). Let d = 2 - 5. Let q(m) = m**2 + 4*m + 4. Let r(n) = d*i(n) - q(n). Determine r(-6).
-1
Let u(k) be the second derivative of k**3/2 + 3*k**2/2 + 2*k. Suppose 2*a - 14 = -c - 2*a, 3*c + 14 = 2*a. Give u(c).
-3
Let l(n) = 4*n - 4. Let a(v) = 5*v - 4. Let g(h) = 3*a(h) - 4*l(h). Suppose 2 = 2*p - x - 5, 2*x - 6 = -p. Let r be ((-12)/(-20))/((8/10)/p). Calculate g(r).
1
Let n(c) = c**3 - c**2 - 2*c + 5. Let v(o) be the second derivative of -o**5/20 + o**4/6 + o**3/2 - 3*o**2 - 21*o. Let i(t) = -5*n(t) - 4*v(t). Give i(-2).
-1
Let q(w) = -w**2 + 4*w + 3. Let t be 18/(-72) + 17/4. Calculate q(t).
3
Let n(z) = 51*z - 17*z + 27*z**2 - 18*z - 18*z - 1. Let x = -2 + 1. Give n(x).
28
Let i(k) = 4 + k + 24 + 3 + 7. Give i(-20).
18
Let n = 9 - 3. Let m(u) = 4*u + 11. Let z(f) = 11*f + 32. Let q(i) = -2*i + 10. Let v be q(8). Let l(t) = v*z(t) + 17*m(t). Determine l(n).
7
Let z(s) = -s**3 - 3*s**2 + 3*s + 2. Let o be (-2)/3*45/10. Give z(o).
-7
Suppose -3*c - 3*p = -7 - 2, 4*p = 5*c - 42. Let u(n) be the third derivative of n**5/60 - n**4/8 - 2*n**3/3 + n**2 - 342. What is u(c)?
14
Let u(t) = 5*t**3 - 4*t**2 + 6*t - 5. Let j(q) = -14*q**3 + 11*q**2 - 17*q + 14. Let l = -19 + 36. Let i(o) = l*u(o) + 6*j(o). Determine i(2).
-1
Let k(l) = l + 5. Suppose 3*i - 4 + 22 = 0. What is k(i)?
-1
Let t(p) be the third derivative of -p**4/12 + 5*p**3/3 - 64*p**2 - 4. Let u be 0 - (-2 - 18)/2. What is t(u)?
-10
Let w(j) = 0 + j**3 - 250*j**2 + 2 + 490*j**2 - 2*j - 245*j**2. Calculate w(5).
-8
Let g(d) = d**2 - 9*d + 7. Suppose 177 = 23*k + 16. What is g(k)?
-7
Let b(o) = o - 8. Let d be ((0 + 0)/(-1))/4 - -4. Let a be b(d). Let v(x) = x**2 + 3*x - 5. Determine v(a).
-1
Suppose -5*p + 4*p = 5*j + 22, p + 14 = -3*j. Let f(z) = 3*z**2 - 4*z - 4. What is f(p)?
16
Let z be ((-15)/(-10))/(3/28). Let y = 17 - z. Suppose y*g - 27 = -5*v + v, 0 = v + 3*g - 9. Let i(x) = -x**3 + 5*x**2 + 3*x + 6. What is i(v)?
-12
Let p(b) = -33*b - 27. Let m(g) = 4*g + 1. Let d(h) = -9*m(h) - p(h). Give d(10).
-12
Let y(s) = 4*s + 2. Let j be ((-1)/(-2))/(2/(-4)). Calculate y(j).
-2
Let l(t) = 2*t**2 - 5*t - 7. Let r be l(5). Let d be 216/(-504) - (-62)/14. Let s(g) = -g**2 + 16 - 33 + d*g + r. Determine s(2).
5
Let d = -1 + 1. Suppose 11*q = 7*q + 12. Let s(t) = -q*t + 13 + 2*t - 13. Calculate s(d).
0
Let v be 5/2 + 3/6. Suppose 28 = v*c + c. Let t(g) = g + 3. Determine t(c).
10
Suppose 4*o = 4, 0*o = l + 4*o + 3. Let m(q) = q**3 + 8*q**2 + q - 1. Calculate m(l).
41
Let p(o) = o**3 - 5*o - 7. Let a(d) = 29*d - 30*d - 2 + 1 + d**3. Let h(v) = 6*a(v) - p(v). Calculate h(1).
5
Let h(q) = 3*q**3 - 56*q**2 + 14*q + 32. Let d(w) = w**3 - 19*w**2 + 5*w + 11. Let z(n) = 17*d(n) - 6*h(n). Give z(13).
8
Let q(d) be the first derivative of 1/3*d**3 - 5 + 0*d**2 + 3*d. Let o(k) = -k - 7. Let t be o(-7). What is q(t)?
3
Let w(y) = -y - 1. Let i(c) = -4*c + 1. Let u(n) = -i(n) + 3*w(n). Let t(h) = h**3 + 9*h**2 - 2*h - 13. Let f be t(-9). Let d be -1*0/(-3 + f). What is u(d)?
-4
Let g(t) be the second derivative of t**5/20 - t**4/6 - t**3/2 - 3*t**2/2 + 161*t. Calculate g(4).
17
Let i = 13 - -13. Let z = i + -31. Let m(g) = g**2 + 2*g - 7. Calculate m(z).
8
Let d(b) = 39020 - 39014 + 4*b + 6*b**2 - b**3 + 0*b**3. Give d(6).
30
Suppose 127*k = 121*k + 30. Let z(i)